inder when q(-6) is divided by 9?
6
Let d = -8 + 12. Suppose u = -0*s - 3*s + 9, d*s = -5*u + 12. Calculate the remainder when 3 is divided by s.
0
Let k be 12/(-8) - (-3)/2. Suppose b + 2*b - 30 = k. Calculate the remainder when 30 - -1*(1 + -2) is divided by b.
9
Suppose 3*y + 105 = -2*v, 2*y = 2*v - 77 + 7. Let p = y + 66. What is the remainder when p is divided by 16?
15
Let a(i) = i**3 + 7*i**2 - 9*i - 5. Let c be a(-8). Suppose 0*v = -c*v + 108. Calculate the remainder when v is divided by 19.
17
What is the remainder when (-2 - (-1 + 0))/((-38)/4750) is divided by 21?
20
Let i = 2 - -6. Suppose 3*c = -3*u + 1 + 14, u = -5*c + 5. What is the remainder when i is divided by u?
3
Suppose -b = -q + 25, 5*q - b = 55 + 58. Calculate the remainder when q is divided by 6.
4
Suppose 2*r = u + 22, -3*u - 54 = -9*r + 4*r. What is the remainder when (5 + -2)*(-4)/((-12)/35) is divided by r?
11
Suppose 81 = 3*p + 2*v, 7*p - 3*v - 91 = 3*p. Calculate the remainder when p is divided by 3 + (-88)/(-20) + (-8)/20.
4
Let x(t) = 7*t**2 - 3*t + 6. Calculate the remainder when x(2) is divided by 20/3*(-3)/(-2).
8
Let o(d) = -9*d + 3 - 2 - 2. Suppose 3*j - 15 = -z, -z = -3*j + 4*j - 5. What is the remainder when o(-1) is divided by j?
3
Let c = 0 + 0. Let j = -1 - c. Calculate the remainder when 31 is divided by 11/(1 + 1 + j).
9
Let o(f) = 1 + 4*f + 2 - 11 - 3*f. What is the remainder when (1/(-2))/(1/(-2)) is divided by o(9)?
0
Let o(w) = w**3 - w**2 - w + 28. Let n = 10 - 0. Suppose 4*z - 5*z = -n. Calculate the remainder when o(0) is divided by z.
8
Let g(n) = 2*n - 4. Let q be g(2). Suppose -4*p - 2*w + 94 = 0, 3*w = -5*p - q*w + 120. What is the remainder when p is divided by (1/(-2))/((-1)/12)?
3
Let q(v) be the first derivative of v**4/4 - 2*v**3/3 + 5*v**2/2 - 3*v - 7. What is the remainder when q(3) is divided by 6?
3
Suppose -1 = -2*h + 7. Calculate the remainder when 14 is divided by h.
2
Let v = 76 + -67. Calculate the remainder when 33 is divided by v.
6
Suppose 11 = 2*z + 3. Suppose 6 = z*q - 290. Calculate the remainder when q is divided by 19.
17
Let b(j) = j + 11. Calculate the remainder when 20 is divided by b(-4).
6
Suppose 3*b - 97 = -3*l + 8, 0 = -l + b + 35. Let t(m) = 0*m**2 - m**2 - m - 3 + 3*m**2. Calculate the remainder when l is divided by t(3).
11
Let x(i) = 19*i**3 - i**2 + 2*i - 1. Calculate the remainder when 54 is divided by x(1).
16
Let f(w) = w**3 - 7*w**2 + 7*w + 7. Let n = -39 + 62. What is the remainder when n is divided by f(6)?
10
Suppose 0 = 2*r + 282 + 8. Calculate the remainder when r/(-2) - (-6)/12 is divided by 25.
23
Let j(x) = x**2 + x - 10. Let w be j(0). Let p(s) = s + 21. Suppose -f + 12 + 16 = -i, -3*i = -6. What is the remainder when f is divided by p(w)?
8
Let y = 1 + 4. Suppose y*f + 2 = 6*f. Suppose 2*j - 7*j = -10. What is the remainder when f is divided by j?
0
Suppose 4*r - 6*r + 70 = 0. Calculate the remainder when r is divided by 9.
8
Suppose -4 = -2*x + 6*x. Let q = 1 + x. Suppose q*i = -2*i + 12. Calculate the remainder when 17 is divided by i.
5
Let i = 122 + -85. Suppose -4*q + 2*n + 32 = 0, -4*n + i = 4*q - 7. Calculate the remainder when 25 is divided by q.
7
Let y(x) = x + 7. Suppose -7*g + 416 = 25*g. What is the remainder when g is divided by y(0)?
6
Let j be 1*3 + 64/(-8). Calculate the remainder when (-40)/(-6)*(-36)/j is divided by 17.
14
Let r(y) = -y**3 + 4*y**2 - 1. What is the remainder when 28 is divided by r(3)?
4
Suppose a - 8 + 1 = 2*b, 5*b = -a + 7. Let f be ((-1)/1)/((-3)/6). Calculate the remainder when 2/(2/15) - f is divided by a.
6
Suppose -x + 0*x = -14. Suppose 3*g = 3*y + 33, 3*y - 8*y = 15. Calculate the remainder when x is divided by g.
6
Let g(x) = x**3 + x**2 + 9. Let c be g(0). Calculate the remainder when 47 is divided by c + 6*(-3)/(-6).
11
Let p = 95 + -60. Suppose -c + 4*a = 2*c - 102, a + p = c. What is the remainder when c is divided by 13?
12
Let m(g) = g**2 - 2*g + 3. Calculate the remainder when m(4) is divided by 3.
2
Let r = -23 + 14. Let j(o) = -o**3 - 6*o**2 - 3*o + 5. Calculate the remainder when j(-6) is divided by (-30)/r*(-36)/(-10).
11
Suppose 2 = -3*i - 5*j - 2, 0 = -3*i + j + 26. What is the remainder when 27 is divided by i?
6
Let y(h) = 16*h**2 - 62*h + 6. Suppose 3*k = 5*i - 0*k - 259, 2*i + 3*k = 112. Calculate the remainder when i is divided by y(4).
11
Suppose 0 = -5*p - 116 + 501. Calculate the remainder when 14/p - (-218)/11 is divided by 7.
6
What is the remainder when 33 is divided by 76/8 - 2/4?
6
Suppose 3*l - 20 = -2*l. Let p be (-1 - (-8)/1)*3. Suppose p = c + 2*c. What is the remainder when c is divided by l?
3
Suppose -2*w - 46 = -0*w. Let i = w - -43. What is the remainder when i is divided by 7?
6
Suppose 4*j = 3*j + 3. Suppose -x - 32 = -j*x. Let v = 18 - 12. Calculate the remainder when x is divided by v.
4
Suppose -7 + 4 = -f. Suppose f*d - 28 = -4. What is the remainder when d is divided by 5?
3
Suppose 0*d - 72 = -3*d. What is the remainder when ((-20)/8 - 2)/(1/(-10)) is divided by d?
21
Suppose 3*w + 8 = 4*w. Let n(h) = 4*h + 7. What is the remainder when n(w) is divided by 20?
19
Suppose -4*f = -395 + 323. Let b = 10 + -3. What is the remainder when f is divided by b?
4
Let t(a) = -a + 1. Let i be t(4). Let k(j) = 2*j**2 + 5*j - 1. Calculate the remainder when (-4)/36*i*96 is divided by k(-4).
10
Suppose s + 4*n - 2*n - 17 = 0, 3*s - 83 = 2*n. Calculate the remainder when 41 is divided by s.
16
Let t(y) = -6*y - 8. What is the remainder when 64 is divided by t(-5)?
20
Suppose -2*d - 1 = -9. Let x(q) = 7*q - 3. Calculate the remainder when x(d) is divided by (1/2)/(2/56).
11
Suppose -3*d + 28 = d. What is the remainder when 23 is divided by d?
2
Let q = 24 - 21. What is the remainder when 8 is divided by q?
2
Let q(c) = 136*c - 2. Let m(v) = -45*v + 1. Let i(x) = -7*m(x) - 2*q(x). What is the remainder when i(2) is divided by 17?
15
Let x = -5 + 7. Suppose -4 = -x*w + 18. Calculate the remainder when 19 is divided by w.
8
Let m = 92 - 81. Suppose -3*r + 7*r + 120 = 0. Let g = r + 51. What is the remainder when g is divided by m?
10
Suppose -2*y + 131 = 23. What is the remainder when y is divided by 19?
16
Let i(q) = q**2 - q + 27. Let n be i(0). Suppose r - 11 = -3*g, -4*g - 4*r = -n - 1. Suppose -g*b + 8 = -0*b. Calculate the remainder when 5 is divided by b.
1
Let s(n) = 15*n**2. What is the remainder when s(-1) is divided by 1/1 - (-13 - -5)?
6
Let w(f) = 8*f. What is the remainder when 61 is divided by w(2)?
13
Let g = 30 - -45. What is the remainder when g is divided by 21?
12
Let k(n) be the second derivative of 1/2*n**2 - 3/2*n**3 + 0 + 2*n. Calculate the remainder when k(-1) is divided by 4.
2
Let y = 11 + 4. Calculate the remainder when y is divided by 8.
7
Let d be ((-8)/14)/(24/(-84)). Let c be 1*-1 + 2 - 1. Suppose -d*l = -c*l - 6. What is the remainder when 5 is divided by l?
2
Suppose f - 12 = 5*f. Calculate the remainder when (8/20)/(f/(-195)) is divided by 7.
5
Suppose -u - 2*u - 165 = 0. What is the remainder when (-2)/(u/(-57) - 1) is divided by 15?
12
Let l(f) = -2*f**3 - f - 1. Let o be l(-1). Let u(r) = 7 + 8*r + 8*r**2 - r**3 - 2 - 16*r**o. What is the remainder when 41 is divided by u(-9)?
13
Suppose 10 = 3*q - 2. Suppose -q*w = -35 - 1. Suppose 1 = 3*x - 17. What is the remainder when w is divided by x?
3
Let u(i) = i**3 - 26*i. Let m(j) = j**3 + 4*j**2 - 6*j + 7. Calculate the remainder when m(-5) is divided by u(-5).
2
Suppose 4*o = 3*o + 5*i - 5, i = -2*o + 34. Let f = -4 + 6. Suppose -h + 129 = f*h. Calculate the remainder when h is divided by o.
13
Let p be (-156)/16 - 3/(-4). Let r(o) = -2*o - 7. What is the remainder when r(p) is divided by 3?
2
Let a(p) = 4*p**2 + 2*p. Let d(v) = -v + 4. Let o be d(6). Let r be a(o). Suppose j + 0*j - r = 0. Calculate the remainder when 21 is divided by j.
9
Let y(k) = -k**3 - 3*k**2 + 5*k + 7. Suppose -h - 2 = 3*d - 5*d, 5*d + 2 = -h. Calculate the remainder when y(-5) is divided by (d - 1) + 2 + 16.
15
Let l(b) = -b**2 + 9*b - 5. Let u(n) = -n**3 - 3*n**2 - n + 1. Let w be u(-3). Calculate the remainder when 4/(-12) - 133/(-3) is divided by l(w).
14
Suppose 4 = 4*w - 3*w. Suppose -127 = -w*j + 21. Calculate the remainder when j is divided by 13.
11
Su